05. Calculate the remainder when 163 is divided by u.
13
Suppose -4*h - 52 = 3*q - 289, 15 = -5*h. Let d = 23 - 6. What is the remainder when q is divided by d?
15
Let a = -201 - -113. Let b = -61 - a. Calculate the remainder when b is divided by -1 - (-2 + -14 + 0).
12
Let n(z) = 2*z**2 + 9*z + 6. Suppose -6*r = 42 + 12. What is the remainder when (3 - 5 - r)/(2/20) is divided by n(-6)?
22
Suppose 7982 = 11*u - 7385. Calculate the remainder when u is divided by 70.
67
Let u(f) = f**2 - 2. Let c be u(-1). Let v = -21 + 35. Calculate the remainder when c/4 - 639/(-12) is divided by v.
11
Suppose 926 = 5*o + 2*y, 5*o - 2*o + 2*y - 558 = 0. Suppose -4*h = 4*h - o. Calculate the remainder when h is divided by 9.
5
Suppose 6*k - 69 = 261. Calculate the remainder when 438 is divided by k.
53
What is the remainder when 1632/22 - 172/946 is divided by 26?
22
Suppose 0*t - 10 = -t. Let q be 8/28 - (4 - (-636)/(-28)). Let x = q - t. Calculate the remainder when x is divided by 5.
4
Let r = 3 - -2. Suppose -2*n + r = -23. Let y(t) = -t**3 - 69*t**2 - 135*t + 1. What is the remainder when y(-67) is divided by n?
12
Let b be (82 + -2)*(-1)/(-1). Let x = -15 + b. What is the remainder when x is divided by 17?
14
Suppose 4*u + 16 = -28. Suppose 0*x - 11 = -x - 2*w, -5*x + 5*w + 115 = 0. Calculate the remainder when u*1*(-25)/5 is divided by x.
17
Let c(k) = k - 4*k + 33*k**2 + k**2 + 1 + 4*k. Calculate the remainder when c(-1) is divided by 12.
10
Let q be 7*(-4)/(4 + 249/(-62)). Suppose i - 15*i = -q. What is the remainder when i is divided by 64?
60
Let t(l) = 3 + 12*l**2 - 11*l**2 + 4*l - 5 + 15*l**2. Calculate the remainder when t(2) is divided by 15.
10
Suppose -320*z - 1422 = -326*z. Calculate the remainder when z is divided by 34.
33
Let u = -451 - -480. Calculate the remainder when 433 is divided by u.
27
Let i be 1*5*(4 - 6). Let l(u) = -2 + u**2 + 3 + 9*u + 3 + 2. What is the remainder when 62 is divided by l(i)?
14
Calculate the remainder when ((-171)/(-15))/((-39)/(-325)) is divided by 45.
5
Let h(a) = -19*a**2 - 401*a - 5. What is the remainder when 130 is divided by h(-21)?
19
Suppose -5*z + 101 = -2*v, -10*z + 11*z - 25 = -2*v. Let m(y) = y**2 + y + 3. Calculate the remainder when m(8) is divided by z.
12
What is the remainder when 2/(-4)*-453 + 1/(-2) is divided by 10?
6
Let f(b) = -b**3 - 6*b**2 - 6*b - 9. Let l(j) be the first derivative of j**2/2 + 6*j - 4. Calculate the remainder when f(-6) is divided by l(5).
5
Suppose -3*g - 64 = 4*j, -g = 3*g - j + 60. Let p = -15 - g. What is the remainder when 4 is divided by p?
0
Suppose 0 = -k - 0*k + 33. Suppose 0 = 24*a - 28*a, 5*w = 3*a + 85. Calculate the remainder when k is divided by w.
16
Let o = -200 - -204. Let q(m) = m - 3. Let g be q(-3). Let z = o - g. What is the remainder when 47 is divided by z?
7
Let w(j) = 10*j**2 + j - 1. Suppose -9 = 2*c + c. What is the remainder when w(c) is divided by 24/54 + 194/9?
20
Let b be (-106)/(-9) + 6/27. Let n(l) = 3*l + 14. What is the remainder when n(b) is divided by 17?
16
Suppose -48*z + 14689 - 6001 = 0. Calculate the remainder when z is divided by 85.
11
Let j(n) = n**3 + 7*n**2 - 3*n - 15. Let h be j(-7). Let u(f) = 2*f**2 + 6*f - 24. Calculate the remainder when u(h) is divided by 29.
26
Let t = -48 + 53. Calculate the remainder when 39 is divided by (1/(10/(-28)))/((-1)/t).
11
Let u = -169 + 236. Calculate the remainder when u is divided by 24.
19
What is the remainder when 141 is divided by 3/((-6)/(-40)) - (-60)/(-30)?
15
Suppose 7 = 2*q + 15, 3*w - 3*q - 114 = 0. Let u(p) = 46*p - 3. What is the remainder when u(3) is divided by w?
33
Suppose 3*y - 12 = 0, 2*q - q - 3*y = 0. Suppose 3*h - n + 3*n - 9 = 0, 4*h - q = -5*n. Suppose h*z + z = 48. What is the remainder when 33 is divided by z?
9
Suppose 0 = -13*l + 15*l + 4*y - 488, l = y + 244. Calculate the remainder when l is divided by 75.
19
Let o = -232 + 360. Calculate the remainder when o is divided by 11.
7
Let f be (-8)/6 + 4103/33. Suppose 9*u - 300 = f. What is the remainder when 139 is divided by u?
45
Let s(k) = -4*k + 1 - 14 - 13. Calculate the remainder when s(-7) is divided by 2.
0
Let i(g) = -31*g - 302. What is the remainder when 97 is divided by i(-12)?
27
Let v(w) = -9 + 12*w**2 + 8*w**3 + 7*w - 7*w**3 - w**2. Calculate the remainder when v(-10) is divided by 14.
7
Suppose 4*d - 3*q - 57 = 0, 4*q - 3 + 15 = 0. Suppose 3*w - 3*x - 23 = 52, 0 = -2*x - 8. Calculate the remainder when w + (-8)/12*-3 is divided by d.
11
Let k be (77/44)/(13/364). Let j be (-40)/(0 - (1 + -2)). Let r = k - j. What is the remainder when r is divided by 23?
20
Let v = -25 + 36. Let g = 18 - v. Let w = -21 + 33. Calculate the remainder when w is divided by g.
5
Calculate the remainder when 174 is divided by 11 + 4 + -4 + -4 + 1.
6
Calculate the remainder when 340 is divided by (-59 - -2)/(21/(-14)).
36
Suppose l - 159 = -h, -2*l - 265 - 329 = -4*h. What is the remainder when h is divided by -13*(0/(-2) + -3)?
35
Let k = -9 + 37. Calculate the remainder when 249 is divided by k.
25
Let a = -185 - -388. Suppose -164 = -5*q + q. Calculate the remainder when a is divided by q.
39
Suppose 3*h = 2*h + 10. Suppose 479 = h*m + 149. What is the remainder when m is divided by 5?
3
Let c = 51 + -35. Let g(j) = -j**3 - 9*j**2 + 23*j + 14. Calculate the remainder when c is divided by g(-11).
1
Suppose 57*o - 64 = 49*o. Calculate the remainder when 607 is divided by o.
7
Let h(r) = 6*r - 299. Let o be h(51). Let n = 10 + 0. Let i = n + o. What is the remainder when 50 is divided by i?
16
Let i(h) = -7*h**2 + 226*h - 14. What is the remainder when 231 is divided by i(32)?
31
Let o = -3 - 36. Let y = -28 - o. Calculate the remainder when y is divided by 7.
4
Let h(y) = 10*y**3 + 3*y**2 - 3*y + 1. Let n(p) = 2*p**2 - 47*p - 31. Calculate the remainder when h(2) is divided by n(25).
43
Let j = -48 - -21. Let w = -35 - j. What is the remainder when (-2)/8*1888/w is divided by 15?
14
Let w = -15 + 18. Suppose -w*a - 4*x + 136 = -27, x + 173 = 3*a. What is the remainder when a is divided by 15?
12
Let a(k) = -29*k - 87. What is the remainder when 69 is divided by a(-4)?
11
Let b(u) = -u**2 + 6 + 7*u + 11 - 7 + 2*u**2. What is the remainder when b(-7) is divided by (-3)/(-6)*4*2?
2
Suppose 4*u - 5*i - 78 = 0, -33 = -3*u + 2*i + 29. What is the remainder when ((-38)/8)/(2/(-16)) is divided by u?
16
Let c = -4 - -4. Suppose c = 5*q + 4*p - 25, 3*q - 9 = 3*p + 6. What is the remainder when 14*(1 + 4 - 4) is divided by q?
4
Let x(h) = -h - h**2 - h**2 - 1 + 8*h**2 - h**2. Suppose -4*l - 2 = 2. Calculate the remainder when 17 is divided by x(l).
2
Let d(v) = 5*v - 14. Let c(n) = -3*n + 9. Let l(z) = -8*c(z) - 5*d(z). Let h be l(-6). Let g = h + 17. Calculate the remainder when 60 is divided by g.
18
Let h(j) = -2*j**2 - 39*j - 18. What is the remainder when h(-14) is divided by 11?
4
Let q = 8 + -4. Suppose q*l = a - 34, 3*l - 10 = -a + 3. Suppose -5*b = -2*b - 192. Calculate the remainder when b is divided by a.
20
Suppose 4*w - 16 = -2*f - 2*f, 2*w = -5*f + 20. Calculate the remainder when 19 is divided by f.
3
Suppose 4*w = -8, u + 3*w - 6*w = 9. What is the remainder when (52/(-39))/(((-96)/99)/8) is divided by u?
2
Suppose 5*p + 2*t = -t + 179, 2*p - 4*t = 82. Let j = -25 + p. What is the remainder when 10/(-45) + (-308)/(-9) is divided by j?
10
Let n = 26 - 5. What is the remainder when 24 is divided by (7/3 - 2)*n?
3
Let m(y) = y**3 + 21*y**2 - 23*y - 17. Calculate the remainder when 162 is divided by m(-22).
2
Suppose -3*d + 5*i = -134, -3*d + 0*d - i + 110 = 0. Suppose -3*r = 5*x + 142, 8 = 5*x - 12. What is the remainder when d is divided by -2 + -3 + r/(-3)?
12
Let f = -9 + 588. Suppose -2*n - f = -5*n. What is the remainder when n is divided by 49?
46
Suppose -28 = -2*x - 16. Let h(k) = 23*k**2 - 2*k + 1. Let a(l) = -l**2 + 5*l + 7. Let r be a(6). What is the remainder when h(r) is divided by x?
4
Let c(r) = -37*r + 3. Suppose -4*d - 14 - 6 = 0. Let z be c(d). Suppose -4*t = 2*g - z, 2*t = -3*g + t + 262. What is the remainder when g is divided by 22?
20
Let g = 140 - -99. What is the remainder when g is divided by 12?
11
Let k(o) = -6*o + 7*o + 5 - 2*o. Let q be k(-7). Suppose -c = 4*p + 4*c - 91, -q = -4*